{"id":103,"date":"2023-11-01T13:34:37","date_gmt":"2023-11-01T12:34:37","guid":{"rendered":"https:\/\/www.luceos.be\/?page_id=103"},"modified":"2023-11-01T14:18:02","modified_gmt":"2023-11-01T13:18:02","slug":"reflexologie-plantaire","status":"publish","type":"page","link":"https:\/\/www.luceos.be\/index.php\/presentation\/reflexologie-plantaire\/","title":{"rendered":"R\u00e9flexologie plantaire"},"content":{"rendered":"\n[et_pb_section fb_built=&#8221;1&#8243; _builder_version=&#8221;4.17.4&#8243; _module_preset=&#8221;default&#8221; global_colors_info=&#8221;{}&#8221; theme_builder_area=&#8221;post_content&#8221;][et_pb_row _builder_version=&#8221;4.17.4&#8243; _module_preset=&#8221;default&#8221; global_colors_info=&#8221;{}&#8221; theme_builder_area=&#8221;post_content&#8221;][et_pb_column type=&#8221;4_4&#8243; _builder_version=&#8221;4.17.4&#8243; _module_preset=&#8221;default&#8221; global_colors_info=&#8221;{}&#8221; theme_builder_area=&#8221;post_content&#8221;][et_pb_text _builder_version=&#8221;4.17.4&#8243; _module_preset=&#8221;default&#8221; hover_enabled=&#8221;0&#8243; global_colors_info=&#8221;{}&#8221; theme_builder_area=&#8221;post_content&#8221; sticky_enabled=&#8221;0&#8243;]<h1 style=\"text-align: center;\"><strong>R\u00e9flexologie plantaire<\/strong><\/h1>[\/et_pb_text][\/et_pb_column][\/et_pb_row][et_pb_row column_structure=&#8221;3_5,2_5&#8243; _builder_version=&#8221;4.17.4&#8243; _module_preset=&#8221;default&#8221; global_colors_info=&#8221;{}&#8221; theme_builder_area=&#8221;post_content&#8221;][et_pb_column type=&#8221;3_5&#8243; _builder_version=&#8221;4.17.4&#8243; _module_preset=&#8221;default&#8221; global_colors_info=&#8221;{}&#8221; theme_builder_area=&#8221;post_content&#8221;][et_pb_text _builder_version=&#8221;4.17.4&#8243; _module_preset=&#8221;default&#8221; hover_enabled=&#8221;0&#8243; global_colors_info=&#8221;{}&#8221; theme_builder_area=&#8221;post_content&#8221; sticky_enabled=&#8221;0&#8243;]<p>La r\u00e9flexologie est une technique de massage qui stimule des points pr\u00e9cis du pied. Ces points correspondent \u00e0 des organes ou des fonctions du corps. En les massant, on peut soulager des douleurs, r\u00e9duire le stress, am\u00e9liorer la circulation sanguine et favoriser l&#8217;\u00e9quilibre du corps.<\/p>\n<h3>Le pied, carte du corps<\/h3>\n<p>Chaque zone du pied correspond \u00e0 une partie du corps. Par exemple, le gros orteil repr\u00e9sente la t\u00eate, la plante du pied repr\u00e9sente la colonne vert\u00e9brale, le talon repr\u00e9sente le bassin, etc. En stimulant ces zones avec les doigts, on envoie des signaux au cerveau qui r\u00e9agit en lib\u00e9rant des hormones ou des neurotransmetteurs. Ces substances chimiques ont un effet b\u00e9n\u00e9fique sur le corps et l&#8217;esprit.<\/p>\n<h3>Une aide \u00e0 souager de nombreux maux<\/h3>\n<p>La r\u00e9flexologie peut aider \u00e0 soulager de nombreux maux, comme les maux de t\u00eate, les troubles digestifs, les tensions musculaires, les probl\u00e8mes respiratoires, les troubles hormonaux, etc. Elle peut aussi aider \u00e0 pr\u00e9venir certaines maladies en renfor\u00e7ant le syst\u00e8me immunitaire et en \u00e9liminant les toxines. La r\u00e9flexologie procure une sensation de d\u00e9tente et de bien-\u00eatre qui favorise le sommeil et la relaxation.<\/p>\n<h3>Une m\u00e9thode naturelle &amp; ancestrale<\/h3>\n<p>La r\u00e9flexologie est une m\u00e9thode naturelle et sans danger qui convient \u00e0 tous les \u00e2ges. Elle se pratique sur une table de massage ou un fauteuil, avec ou sans huile. Une s\u00e9ance dure environ une heure et se compose de trois \u00e9tapes : l&#8217;observation du pied, le massage des zones r\u00e9flexes et la relaxation finale. Il est conseill\u00e9 de faire plusieurs s\u00e9ances pour obtenir des r\u00e9sultats durables.<\/p>\n<p>La r\u00e9flexologie est une technique ancestrale qui a \u00e9t\u00e9 d\u00e9velopp\u00e9e par diff\u00e9rentes civilisations, comme l&#8217;\u00c9gypte, la Chine ou l&#8217;Inde. Elle a \u00e9t\u00e9 introduite en Occident au d\u00e9but du XXe si\u00e8cle par le Dr William Fitzgerald, qui a divis\u00e9 le corps en dix zones \u00e9nerg\u00e9tiques reli\u00e9es aux pieds. Il a \u00e9t\u00e9 suivi par Eunice Ingham, qui a cr\u00e9\u00e9 la carte du pied que nous connaissons aujourd&#8217;hui.<\/p>\n<h3>La r\u00e9fl\u00e9xologie en tant qu&#8217;approche holistique<\/h3>\n<p>La r\u00e9flexologie est plus qu&#8217;un simple massage. C&#8217;est une th\u00e9rapie holistique qui prend en compte la personne dans sa globalit\u00e9 : physique, \u00e9motionnelle, mentale et spirituelle. Elle permet de r\u00e9tablir l&#8217;harmonie entre le corps et l&#8217;esprit, et d&#8217;am\u00e9liorer la qualit\u00e9 de vie.<\/p>\n<p>Vous souhaitez d\u00e9couvrir les bienfaits de la r\u00e9flexologie? Prenez contact avec nous!\u00a0 Vous verrez que vos pieds ont beaucoup \u00e0 vous dire !<\/p>[\/et_pb_text][\/et_pb_column][et_pb_column type=&#8221;2_5&#8243; _builder_version=&#8221;4.17.4&#8243; _module_preset=&#8221;default&#8221; global_colors_info=&#8221;{}&#8221; theme_builder_area=&#8221;post_content&#8221;][et_pb_image src=&#8221;http:\/\/www.luceos.be\/wp-content\/uploads\/2022\/06\/Luceos-Reflexo-cristian-newman-111295-unsplash-scaled.jpg&#8221; title_text=&#8221;Luceos-Reflexo-cristian-newman-111295-unsplash&#8221; _builder_version=&#8221;4.17.4&#8243; _module_preset=&#8221;default&#8221; hover_enabled=&#8221;0&#8243; global_colors_info=&#8221;{}&#8221; theme_builder_area=&#8221;post_content&#8221; sticky_enabled=&#8221;0&#8243;][\/et_pb_image][\/et_pb_column][\/et_pb_row][\/et_pb_section]\n","protected":false},"excerpt":{"rendered":"<p>R\u00e9flexologie plantaireLa r\u00e9flexologie est une technique de massage qui stimule des points pr\u00e9cis du pied. Ces points correspondent \u00e0 des organes ou des fonctions du corps. En les massant, on peut soulager des douleurs, r\u00e9duire le stress, am\u00e9liorer la circulation sanguine et favoriser l&#8217;\u00e9quilibre du corps. Le pied, carte du corps Chaque zone du pied [&hellip;]<\/p>\n","protected":false},"author":1,"featured_media":0,"parent":96,"menu_order":0,"comment_status":"closed","ping_status":"closed","template":"","meta":{"_et_pb_use_builder":"on","_et_pb_old_content":"","_et_gb_content_width":"","footnotes":""},"class_list":["post-103","page","type-page","status-publish","hentry"],"yoast_head":"<!-- This site is optimized with the Yoast SEO plugin v21.5 - https:\/\/yoast.com\/wordpress\/plugins\/seo\/ -->\n<title>R\u00e9flexologie plantaire - Soins holistiques \u00e0 Bierges: r\u00e9flexologie, coaching, sonoth\u00e9rapie, acmos<\/title>\n<meta name=\"robots\" content=\"index, follow, max-snippet:-1, max-image-preview:large, max-video-preview:-1\" \/>\n<link rel=\"canonical\" href=\"https:\/\/www.luceos.be\/index.php\/presentation\/reflexologie-plantaire\/\" \/>\n<meta property=\"og:locale\" content=\"en_US\" \/>\n<meta property=\"og:type\" content=\"article\" \/>\n<meta property=\"og:title\" content=\"R\u00e9flexologie plantaire - Soins holistiques \u00e0 Bierges: r\u00e9flexologie, coaching, sonoth\u00e9rapie, acmos\" \/>\n<meta property=\"og:description\" content=\"R\u00e9flexologie plantaireLa r\u00e9flexologie est une technique de massage qui stimule des points pr\u00e9cis du pied. Ces points correspondent \u00e0 des organes ou des fonctions du corps. En les massant, on peut soulager des douleurs, r\u00e9duire le stress, am\u00e9liorer la circulation sanguine et favoriser l&#039;\u00e9quilibre du corps. Le pied, carte du corps Chaque zone du pied [&hellip;]\" \/>\n<meta property=\"og:url\" content=\"https:\/\/www.luceos.be\/index.php\/presentation\/reflexologie-plantaire\/\" \/>\n<meta property=\"og:site_name\" content=\"Soins holistiques \u00e0 Bierges: r\u00e9flexologie, coaching, sonoth\u00e9rapie, acmos\" \/>\n<meta property=\"article:modified_time\" content=\"2023-11-01T13:18:02+00:00\" \/>\n<meta name=\"twitter:card\" content=\"summary_large_image\" \/>\n<meta name=\"twitter:label1\" content=\"Est. reading time\" \/>\n\t<meta name=\"twitter:data1\" content=\"3 minutes\" \/>\n<script type=\"application\/ld+json\" class=\"yoast-schema-graph\">{\"@context\":\"https:\/\/schema.org\",\"@graph\":[{\"@type\":\"WebPage\",\"@id\":\"https:\/\/www.luceos.be\/index.php\/presentation\/reflexologie-plantaire\/\",\"url\":\"https:\/\/www.luceos.be\/index.php\/presentation\/reflexologie-plantaire\/\",\"name\":\"R\u00e9flexologie plantaire - Soins holistiques \u00e0 Bierges: r\u00e9flexologie, coaching, sonoth\u00e9rapie, acmos\",\"isPartOf\":{\"@id\":\"https:\/\/www.luceos.be\/#website\"},\"datePublished\":\"2023-11-01T12:34:37+00:00\",\"dateModified\":\"2023-11-01T13:18:02+00:00\",\"breadcrumb\":{\"@id\":\"https:\/\/www.luceos.be\/index.php\/presentation\/reflexologie-plantaire\/#breadcrumb\"},\"inLanguage\":\"en-US\",\"potentialAction\":[{\"@type\":\"ReadAction\",\"target\":[\"https:\/\/www.luceos.be\/index.php\/presentation\/reflexologie-plantaire\/\"]}]},{\"@type\":\"BreadcrumbList\",\"@id\":\"https:\/\/www.luceos.be\/index.php\/presentation\/reflexologie-plantaire\/#breadcrumb\",\"itemListElement\":[{\"@type\":\"ListItem\",\"position\":1,\"name\":\"Home\",\"item\":\"https:\/\/www.luceos.be\/\"},{\"@type\":\"ListItem\",\"position\":2,\"name\":\"Pr\u00e9sentation\",\"item\":\"https:\/\/www.luceos.be\/\"},{\"@type\":\"ListItem\",\"position\":3,\"name\":\"R\u00e9flexologie plantaire\"}]},{\"@type\":\"WebSite\",\"@id\":\"https:\/\/www.luceos.be\/#website\",\"url\":\"https:\/\/www.luceos.be\/\",\"name\":\"Soins holistiques \u00e0 Bierges: r\u00e9flexologie, coaching, sonoth\u00e9rapie, acmos\",\"description\":\"Luceos, votre centre de soins \u00e9nerg\u00e9tiques \u00e0 Wavre. Equilibrez vos \u00e9nergies par le massage initiatique\u00ae ou la R\u00e9flexologie plantaire.\",\"potentialAction\":[{\"@type\":\"SearchAction\",\"target\":{\"@type\":\"EntryPoint\",\"urlTemplate\":\"https:\/\/www.luceos.be\/?s={search_term_string}\"},\"query-input\":\"required name=search_term_string\"}],\"inLanguage\":\"en-US\"}]}<\/script>\n<!-- \/ Yoast SEO plugin. -->","yoast_head_json":{"title":"R\u00e9flexologie plantaire - Soins holistiques \u00e0 Bierges: r\u00e9flexologie, coaching, sonoth\u00e9rapie, acmos","robots":{"index":"index","follow":"follow","max-snippet":"max-snippet:-1","max-image-preview":"max-image-preview:large","max-video-preview":"max-video-preview:-1"},"canonical":"https:\/\/www.luceos.be\/index.php\/presentation\/reflexologie-plantaire\/","og_locale":"en_US","og_type":"article","og_title":"R\u00e9flexologie plantaire - Soins holistiques \u00e0 Bierges: r\u00e9flexologie, coaching, sonoth\u00e9rapie, acmos","og_description":"R\u00e9flexologie plantaireLa r\u00e9flexologie est une technique de massage qui stimule des points pr\u00e9cis du pied. Ces points correspondent \u00e0 des organes ou des fonctions du corps. En les massant, on peut soulager des douleurs, r\u00e9duire le stress, am\u00e9liorer la circulation sanguine et favoriser l'\u00e9quilibre du corps. Le pied, carte du corps Chaque zone du pied [&hellip;]","og_url":"https:\/\/www.luceos.be\/index.php\/presentation\/reflexologie-plantaire\/","og_site_name":"Soins holistiques \u00e0 Bierges: r\u00e9flexologie, coaching, sonoth\u00e9rapie, acmos","article_modified_time":"2023-11-01T13:18:02+00:00","twitter_card":"summary_large_image","twitter_misc":{"Est. reading time":"3 minutes"},"schema":{"@context":"https:\/\/schema.org","@graph":[{"@type":"WebPage","@id":"https:\/\/www.luceos.be\/index.php\/presentation\/reflexologie-plantaire\/","url":"https:\/\/www.luceos.be\/index.php\/presentation\/reflexologie-plantaire\/","name":"R\u00e9flexologie plantaire - Soins holistiques \u00e0 Bierges: r\u00e9flexologie, coaching, sonoth\u00e9rapie, acmos","isPartOf":{"@id":"https:\/\/www.luceos.be\/#website"},"datePublished":"2023-11-01T12:34:37+00:00","dateModified":"2023-11-01T13:18:02+00:00","breadcrumb":{"@id":"https:\/\/www.luceos.be\/index.php\/presentation\/reflexologie-plantaire\/#breadcrumb"},"inLanguage":"en-US","potentialAction":[{"@type":"ReadAction","target":["https:\/\/www.luceos.be\/index.php\/presentation\/reflexologie-plantaire\/"]}]},{"@type":"BreadcrumbList","@id":"https:\/\/www.luceos.be\/index.php\/presentation\/reflexologie-plantaire\/#breadcrumb","itemListElement":[{"@type":"ListItem","position":1,"name":"Home","item":"https:\/\/www.luceos.be\/"},{"@type":"ListItem","position":2,"name":"Pr\u00e9sentation","item":"https:\/\/www.luceos.be\/"},{"@type":"ListItem","position":3,"name":"R\u00e9flexologie plantaire"}]},{"@type":"WebSite","@id":"https:\/\/www.luceos.be\/#website","url":"https:\/\/www.luceos.be\/","name":"Soins holistiques \u00e0 Bierges: r\u00e9flexologie, coaching, sonoth\u00e9rapie, acmos","description":"Luceos, votre centre de soins \u00e9nerg\u00e9tiques \u00e0 Wavre. Equilibrez vos \u00e9nergies par le massage initiatique\u00ae ou la R\u00e9flexologie plantaire.","potentialAction":[{"@type":"SearchAction","target":{"@type":"EntryPoint","urlTemplate":"https:\/\/www.luceos.be\/?s={search_term_string}"},"query-input":"required name=search_term_string"}],"inLanguage":"en-US"}]}},"_links":{"self":[{"href":"https:\/\/www.luceos.be\/index.php\/wp-json\/wp\/v2\/pages\/103","targetHints":{"allow":["GET"]}}],"collection":[{"href":"https:\/\/www.luceos.be\/index.php\/wp-json\/wp\/v2\/pages"}],"about":[{"href":"https:\/\/www.luceos.be\/index.php\/wp-json\/wp\/v2\/types\/page"}],"author":[{"embeddable":true,"href":"https:\/\/www.luceos.be\/index.php\/wp-json\/wp\/v2\/users\/1"}],"replies":[{"embeddable":true,"href":"https:\/\/www.luceos.be\/index.php\/wp-json\/wp\/v2\/comments?post=103"}],"version-history":[{"count":3,"href":"https:\/\/www.luceos.be\/index.php\/wp-json\/wp\/v2\/pages\/103\/revisions"}],"predecessor-version":[{"id":107,"href":"https:\/\/www.luceos.be\/index.php\/wp-json\/wp\/v2\/pages\/103\/revisions\/107"}],"up":[{"embeddable":true,"href":"https:\/\/www.luceos.be\/index.php\/wp-json\/wp\/v2\/pages\/96"}],"wp:attachment":[{"href":"https:\/\/www.luceos.be\/index.php\/wp-json\/wp\/v2\/media?parent=103"}],"curies":[{"name":"wp","href":"https:\/\/api.w.org\/{rel}","templated":true}]}}