{"id":108,"date":"2023-11-01T13:48:25","date_gmt":"2023-11-01T12:48:25","guid":{"rendered":"https:\/\/www.luceos.be\/?page_id=108"},"modified":"2023-11-01T14:18:18","modified_gmt":"2023-11-01T13:18:18","slug":"coaching","status":"publish","type":"page","link":"https:\/\/www.luceos.be\/index.php\/presentation\/coaching\/","title":{"rendered":"Coaching"},"content":{"rendered":"<p>[et_pb_section fb_built=&#8221;1&#8243; _builder_version=&#8221;4.17.4&#8243; _module_preset=&#8221;default&#8221; global_colors_info=&#8221;{}&#8221; theme_builder_area=&#8221;post_content&#8221;][et_pb_row _builder_version=&#8221;4.17.4&#8243; _module_preset=&#8221;default&#8221; global_colors_info=&#8221;{}&#8221; theme_builder_area=&#8221;post_content&#8221;][et_pb_column type=&#8221;4_4&#8243; _builder_version=&#8221;4.17.4&#8243; _module_preset=&#8221;default&#8221; global_colors_info=&#8221;{}&#8221; theme_builder_area=&#8221;post_content&#8221;][et_pb_text _builder_version=&#8221;4.17.4&#8243; _module_preset=&#8221;default&#8221; hover_enabled=&#8221;0&#8243; global_colors_info=&#8221;{}&#8221; theme_builder_area=&#8221;post_content&#8221; sticky_enabled=&#8221;0&#8243;]<\/p>\n<h1 style=\"text-align: center;\"><strong>Coaching<\/strong><\/h1>\n<p>[\/et_pb_text][\/et_pb_column][\/et_pb_row][et_pb_row _builder_version=&#8221;4.17.4&#8243; _module_preset=&#8221;default&#8221; hover_enabled=&#8221;0&#8243; global_colors_info=&#8221;{}&#8221; theme_builder_area=&#8221;post_content&#8221; sticky_enabled=&#8221;0&#8243;][et_pb_column type=&#8221;4_4&#8243; _builder_version=&#8221;4.17.4&#8243; _module_preset=&#8221;default&#8221; global_colors_info=&#8221;{}&#8221; theme_builder_area=&#8221;post_content&#8221;][et_pb_text _builder_version=&#8221;4.17.4&#8243; _module_preset=&#8221;default&#8221; hover_enabled=&#8221;0&#8243; global_colors_info=&#8221;{}&#8221; theme_builder_area=&#8221;post_content&#8221; sticky_enabled=&#8221;0&#8243;]<\/p>\n<p><span>Vous cherchez un\u00a0<\/span><strong>coach professionnel<\/strong><span>\u00a0pour votre d\u00e9veloppement personnel et professionnel ? B\u00e9n\u00e9ficiez d\u2019un soutien personnalis\u00e9, bienveillant et respectueux de vos valeurs. Atteignez vos objectifs avec confiance, motivation et s\u00e9r\u00e9nit\u00e9 gr\u00e2ce \u00e0 mes services de coaching individuel ou collectif.<\/span><\/p>\n<p>Je suis Coach Evolutif certifi\u00e9 par<span>\u00a0<\/span><a href=\"https:\/\/creacoach.be\/\" target=\"_blank\" rel=\"noopener\">Creacoach<\/a>, et m\u2019inscrit dans les principes de la<span>\u00a0<\/span><a href=\"https:\/\/coachingfederation.be\/fr\" target=\"_blank\" rel=\"noopener\">F\u00e9d\u00e9ration Internationale de Coaching (ICF)<\/a>.<\/p>\n<p>Je vous propose un accompagnement personnalis\u00e9, bienveillant et respectueux de vos valeurs. Ensemble, nous travaillerons sur vos objectifs, vos freins, votre vision et votre plan d\u2019action.<\/p>\n<p>Le coaching est un processus qui favorise le changement positif chez vous. Je suis un\u00a0 partenaire qui vous \u00e9coute, vous questionne, vous reformule, vous challenge, vous encourage, vous soutient et c\u00e9l\u00e8bre vos r\u00e9ussites.<\/p>\n<p>Le coaching repose sur une relation de confiance entre le coach et le coach\u00e9. Cette relation respecte la confidentialit\u00e9, l\u2019\u00e9thique et la d\u00e9ontologie. Le coaching s\u2019appuie sur des comp\u00e9tences professionnelles reconnues par la<span>\u00a0<\/span><a href=\"https:\/\/coachingfederation.be\/fr\" target=\"_blank\" rel=\"noopener\">F\u00e9d\u00e9ration Internationale de Coaching (ICF)<\/a>.<\/p>\n<p>Je vous accompagne dans le d\u00e9veloppement de votre potentiel, la lev\u00e9e de vos freins, la clarification de votre vision et la mise en \u0153uvre de votre plan d\u2019action. Ensemble, nous pouvons faire la diff\u00e9rence ! \ud83d\ude80<\/p>\n<p>Je vous offre des s\u00e9ances individuelles ou collectives selon vos besoins et vos pr\u00e9f\u00e9rences. Vous pouvez choisir entre le coaching en face \u00e0 face ou le coaching \u00e0 distance. Chaque formule a ses avantages et ses sp\u00e9cificit\u00e9s.\u00a0<\/p>\n<p>N\u2019attendez plus pour prendre votre envol ! Contactez-moi d\u00e8s aujourd\u2019hui pour un premier entretien gratuit et sans engagement. Je serai ravi de faire votre connaissance et de r\u00e9pondre \u00e0 vos questions.<\/p>\n<p>Ensemble, nous cr\u00e9erons votre juste place ! \ud83c\udf1f<\/p>\n<p>[\/et_pb_text][et_pb_image src=&#8221;http:\/\/www.luceos.be\/wp-content\/uploads\/2022\/06\/pablo-heimplatz-243278-unsplash-scaled.jpg&#8221; title_text=&#8221;pablo-heimplatz-243278-unsplash&#8221; _builder_version=&#8221;4.17.4&#8243; _module_preset=&#8221;default&#8221; hover_enabled=&#8221;0&#8243; global_colors_info=&#8221;{}&#8221; theme_builder_area=&#8221;post_content&#8221; sticky_enabled=&#8221;0&#8243; width=&#8221;100%&#8221; box_shadow_style=&#8221;preset2&#8243; border_radii=&#8221;on|7px|7px|7px|7px&#8221;][\/et_pb_image][\/et_pb_column][\/et_pb_row][\/et_pb_section]<\/p>\n","protected":false},"excerpt":{"rendered":"<p>CoachingVous cherchez un\u00a0coach professionnel\u00a0pour votre d\u00e9veloppement personnel et professionnel ? B\u00e9n\u00e9ficiez d\u2019un soutien personnalis\u00e9, bienveillant et respectueux de vos valeurs. Atteignez vos objectifs avec confiance, motivation et s\u00e9r\u00e9nit\u00e9 gr\u00e2ce \u00e0 mes services de coaching individuel ou collectif. Je suis Coach Evolutif certifi\u00e9 par\u00a0Creacoach, et m\u2019inscrit dans les principes de la\u00a0F\u00e9d\u00e9ration Internationale de Coaching (ICF). Je [&hellip;]<\/p>\n","protected":false},"author":1,"featured_media":0,"parent":96,"menu_order":0,"comment_status":"closed","ping_status":"closed","template":"","meta":{"_et_pb_use_builder":"on","_et_pb_old_content":"","_et_gb_content_width":"","footnotes":""},"class_list":["post-108","page","type-page","status-publish","hentry"],"yoast_head":"<!-- This site is optimized with the Yoast SEO plugin v21.5 - https:\/\/yoast.com\/wordpress\/plugins\/seo\/ -->\n<title>Coaching - Soins holistiques \u00e0 Bierges: r\u00e9flexologie, coaching, sonoth\u00e9rapie, acmos<\/title>\n<meta name=\"robots\" content=\"index, follow, max-snippet:-1, max-image-preview:large, max-video-preview:-1\" \/>\n<link rel=\"canonical\" href=\"https:\/\/www.luceos.be\/index.php\/presentation\/coaching\/\" \/>\n<meta property=\"og:locale\" content=\"en_US\" \/>\n<meta property=\"og:type\" content=\"article\" \/>\n<meta property=\"og:title\" content=\"Coaching - Soins holistiques \u00e0 Bierges: r\u00e9flexologie, coaching, sonoth\u00e9rapie, acmos\" \/>\n<meta property=\"og:description\" content=\"CoachingVous cherchez un\u00a0coach professionnel\u00a0pour votre d\u00e9veloppement personnel et professionnel ? B\u00e9n\u00e9ficiez d\u2019un soutien personnalis\u00e9, bienveillant et respectueux de vos valeurs. Atteignez vos objectifs avec confiance, motivation et s\u00e9r\u00e9nit\u00e9 gr\u00e2ce \u00e0 mes services de coaching individuel ou collectif. Je suis Coach Evolutif certifi\u00e9 par\u00a0Creacoach, et m\u2019inscrit dans les principes de la\u00a0F\u00e9d\u00e9ration Internationale de Coaching (ICF). Je [&hellip;]\" \/>\n<meta property=\"og:url\" content=\"https:\/\/www.luceos.be\/index.php\/presentation\/coaching\/\" \/>\n<meta property=\"og:site_name\" content=\"Soins holistiques \u00e0 Bierges: r\u00e9flexologie, coaching, sonoth\u00e9rapie, acmos\" \/>\n<meta property=\"article:modified_time\" content=\"2023-11-01T13:18:18+00:00\" \/>\n<meta name=\"twitter:card\" content=\"summary_large_image\" \/>\n<script type=\"application\/ld+json\" class=\"yoast-schema-graph\">{\"@context\":\"https:\/\/schema.org\",\"@graph\":[{\"@type\":\"WebPage\",\"@id\":\"https:\/\/www.luceos.be\/index.php\/presentation\/coaching\/\",\"url\":\"https:\/\/www.luceos.be\/index.php\/presentation\/coaching\/\",\"name\":\"Coaching - Soins holistiques \u00e0 Bierges: r\u00e9flexologie, coaching, sonoth\u00e9rapie, acmos\",\"isPartOf\":{\"@id\":\"https:\/\/www.luceos.be\/#website\"},\"datePublished\":\"2023-11-01T12:48:25+00:00\",\"dateModified\":\"2023-11-01T13:18:18+00:00\",\"breadcrumb\":{\"@id\":\"https:\/\/www.luceos.be\/index.php\/presentation\/coaching\/#breadcrumb\"},\"inLanguage\":\"en-US\",\"potentialAction\":[{\"@type\":\"ReadAction\",\"target\":[\"https:\/\/www.luceos.be\/index.php\/presentation\/coaching\/\"]}]},{\"@type\":\"BreadcrumbList\",\"@id\":\"https:\/\/www.luceos.be\/index.php\/presentation\/coaching\/#breadcrumb\",\"itemListElement\":[{\"@type\":\"ListItem\",\"position\":1,\"name\":\"Home\",\"item\":\"https:\/\/www.luceos.be\/\"},{\"@type\":\"ListItem\",\"position\":2,\"name\":\"Pr\u00e9sentation\",\"item\":\"https:\/\/www.luceos.be\/\"},{\"@type\":\"ListItem\",\"position\":3,\"name\":\"Coaching\"}]},{\"@type\":\"WebSite\",\"@id\":\"https:\/\/www.luceos.be\/#website\",\"url\":\"https:\/\/www.luceos.be\/\",\"name\":\"Soins holistiques \u00e0 Bierges: r\u00e9flexologie, coaching, sonoth\u00e9rapie, acmos\",\"description\":\"Luceos, votre centre de soins \u00e9nerg\u00e9tiques \u00e0 Wavre. Equilibrez vos \u00e9nergies par le massage initiatique\u00ae ou la R\u00e9flexologie plantaire.\",\"potentialAction\":[{\"@type\":\"SearchAction\",\"target\":{\"@type\":\"EntryPoint\",\"urlTemplate\":\"https:\/\/www.luceos.be\/?s={search_term_string}\"},\"query-input\":\"required name=search_term_string\"}],\"inLanguage\":\"en-US\"}]}<\/script>\n<!-- \/ Yoast SEO plugin. -->","yoast_head_json":{"title":"Coaching - Soins holistiques \u00e0 Bierges: r\u00e9flexologie, coaching, sonoth\u00e9rapie, acmos","robots":{"index":"index","follow":"follow","max-snippet":"max-snippet:-1","max-image-preview":"max-image-preview:large","max-video-preview":"max-video-preview:-1"},"canonical":"https:\/\/www.luceos.be\/index.php\/presentation\/coaching\/","og_locale":"en_US","og_type":"article","og_title":"Coaching - Soins holistiques \u00e0 Bierges: r\u00e9flexologie, coaching, sonoth\u00e9rapie, acmos","og_description":"CoachingVous cherchez un\u00a0coach professionnel\u00a0pour votre d\u00e9veloppement personnel et professionnel ? B\u00e9n\u00e9ficiez d\u2019un soutien personnalis\u00e9, bienveillant et respectueux de vos valeurs. Atteignez vos objectifs avec confiance, motivation et s\u00e9r\u00e9nit\u00e9 gr\u00e2ce \u00e0 mes services de coaching individuel ou collectif. Je suis Coach Evolutif certifi\u00e9 par\u00a0Creacoach, et m\u2019inscrit dans les principes de la\u00a0F\u00e9d\u00e9ration Internationale de Coaching (ICF). Je [&hellip;]","og_url":"https:\/\/www.luceos.be\/index.php\/presentation\/coaching\/","og_site_name":"Soins holistiques \u00e0 Bierges: r\u00e9flexologie, coaching, sonoth\u00e9rapie, acmos","article_modified_time":"2023-11-01T13:18:18+00:00","twitter_card":"summary_large_image","schema":{"@context":"https:\/\/schema.org","@graph":[{"@type":"WebPage","@id":"https:\/\/www.luceos.be\/index.php\/presentation\/coaching\/","url":"https:\/\/www.luceos.be\/index.php\/presentation\/coaching\/","name":"Coaching - Soins holistiques \u00e0 Bierges: r\u00e9flexologie, coaching, sonoth\u00e9rapie, acmos","isPartOf":{"@id":"https:\/\/www.luceos.be\/#website"},"datePublished":"2023-11-01T12:48:25+00:00","dateModified":"2023-11-01T13:18:18+00:00","breadcrumb":{"@id":"https:\/\/www.luceos.be\/index.php\/presentation\/coaching\/#breadcrumb"},"inLanguage":"en-US","potentialAction":[{"@type":"ReadAction","target":["https:\/\/www.luceos.be\/index.php\/presentation\/coaching\/"]}]},{"@type":"BreadcrumbList","@id":"https:\/\/www.luceos.be\/index.php\/presentation\/coaching\/#breadcrumb","itemListElement":[{"@type":"ListItem","position":1,"name":"Home","item":"https:\/\/www.luceos.be\/"},{"@type":"ListItem","position":2,"name":"Pr\u00e9sentation","item":"https:\/\/www.luceos.be\/"},{"@type":"ListItem","position":3,"name":"Coaching"}]},{"@type":"WebSite","@id":"https:\/\/www.luceos.be\/#website","url":"https:\/\/www.luceos.be\/","name":"Soins holistiques \u00e0 Bierges: r\u00e9flexologie, coaching, sonoth\u00e9rapie, acmos","description":"Luceos, votre centre de soins \u00e9nerg\u00e9tiques \u00e0 Wavre. Equilibrez vos \u00e9nergies par le massage initiatique\u00ae ou la R\u00e9flexologie plantaire.","potentialAction":[{"@type":"SearchAction","target":{"@type":"EntryPoint","urlTemplate":"https:\/\/www.luceos.be\/?s={search_term_string}"},"query-input":"required name=search_term_string"}],"inLanguage":"en-US"}]}},"_links":{"self":[{"href":"https:\/\/www.luceos.be\/index.php\/wp-json\/wp\/v2\/pages\/108","targetHints":{"allow":["GET"]}}],"collection":[{"href":"https:\/\/www.luceos.be\/index.php\/wp-json\/wp\/v2\/pages"}],"about":[{"href":"https:\/\/www.luceos.be\/index.php\/wp-json\/wp\/v2\/types\/page"}],"author":[{"embeddable":true,"href":"https:\/\/www.luceos.be\/index.php\/wp-json\/wp\/v2\/users\/1"}],"replies":[{"embeddable":true,"href":"https:\/\/www.luceos.be\/index.php\/wp-json\/wp\/v2\/comments?post=108"}],"version-history":[{"count":2,"href":"https:\/\/www.luceos.be\/index.php\/wp-json\/wp\/v2\/pages\/108\/revisions"}],"predecessor-version":[{"id":110,"href":"https:\/\/www.luceos.be\/index.php\/wp-json\/wp\/v2\/pages\/108\/revisions\/110"}],"up":[{"embeddable":true,"href":"https:\/\/www.luceos.be\/index.php\/wp-json\/wp\/v2\/pages\/96"}],"wp:attachment":[{"href":"https:\/\/www.luceos.be\/index.php\/wp-json\/wp\/v2\/media?parent=108"}],"curies":[{"name":"wp","href":"https:\/\/api.w.org\/{rel}","templated":true}]}}